{"id":13618,"date":"2024-03-11T16:13:28","date_gmt":"2024-03-11T16:13:28","guid":{"rendered":"https:\/\/deniperez.com\/?page_id=13618"},"modified":"2024-09-15T10:00:20","modified_gmt":"2024-09-15T09:00:20","slug":"kosmeticke-osetreni-klasik","status":"publish","type":"page","link":"https:\/\/deniperez.com\/?page_id=13618","title":{"rendered":"Kosmetick\u00e9 o\u0161et\u0159en\u00ed klasik"},"content":{"rendered":"<div class=\"wpb-content-wrapper\"><p>[vc_section full_width=&#8221;stretch_row&#8221; pix_over_visibility=&#8221;&#8221; css=&#8221;.vc_custom_1710154664317{margin-top: -50px !important;padding-top: 60px !important;padding-bottom: 80px !important;background-color: #ffffff !important;}&#8221;][vc_row full_width=&#8221;stretch_row&#8221; content_placement=&#8221;middle&#8221; pix_particles_check=&#8221;&#8221; css=&#8221;.vc_custom_1590194617797{padding-top: 40px !important;padding-bottom: 40px !important;background-color: #ffffff !important;}&#8221;][vc_column width=&#8221;1\/2&#8243; responsive_css=&#8221;{&#8220;pix_res_sm_pb&#8220;:&#8220;50&#8220;}&#8221; css=&#8221;.vc_custom_1712558195269{padding-right: 20px !important;padding-bottom: 1000px !important;padding-left: 20px !important;}&#8221;]<div class=\"d-inline-block \" style=\"width:100%;\"><div class=\"animate-in w-100 d-inline-block\" data-anim-type=\"fade-in-right\" data-anim-delay=\"200\"><div class=\"pix-img-el  vc_custom_1722792659328   shadow-lg text-left d-inline-block  w-100 rounded-xl\"  ><img fetchpriority=\"high\" decoding=\"async\" class=\"card-img2 pix-img-elem rounded-xl  h-1002\" style=\"width:100%;height:auto;\" width=\"934\" height=\"933\" srcset=\"https:\/\/deniperez.com\/wp-content\/uploads\/2024\/04\/facialMaskTreatments.jpg 934w, https:\/\/deniperez.com\/wp-content\/uploads\/2024\/04\/facialMaskTreatments-300x300.jpg 300w, https:\/\/deniperez.com\/wp-content\/uploads\/2024\/04\/facialMaskTreatments-150x150.jpg 150w, https:\/\/deniperez.com\/wp-content\/uploads\/2024\/04\/facialMaskTreatments-768x767.jpg 768w, https:\/\/deniperez.com\/wp-content\/uploads\/2024\/04\/facialMaskTreatments-400x400.jpg 400w, https:\/\/deniperez.com\/wp-content\/uploads\/2024\/04\/facialMaskTreatments-75x75.jpg 75w, https:\/\/deniperez.com\/wp-content\/uploads\/2024\/04\/facialMaskTreatments-460x460.jpg 460w\" sizes=\"(max-width: 934px) 100vw, 934px\" src=\"https:\/\/deniperez.com\/wp-content\/uploads\/2024\/04\/facialMaskTreatments.jpg\" alt=\"Image link\" \/><\/div><\/div><\/div>[\/vc_column][vc_column width=&#8221;1\/2&#8243;]<div class=\"text-left \"><div><h1 class=\"pix-headline my-3  loading-bar text-dark-opacity-9 font-weight-bold  secondary-font animate-in\" style=\"\" data-anim-type=\"fade-in-up\" data-anim-delay=\"0\" ><span>Kosmetick\u00e9 o\u0161et\u0159en\u00ed klasik <\/span><span class=\"pix-words-wrapper is-last\"><span class=\"is-visible \" ><\/span> <span class=\"pix-bar bg-dark-opacity-9\" ><\/span><\/span><\/h1><\/div><\/div><div class=\"pix-el-text w-100   vc_custom_1710173689904\" ><p class=\"text-20  text-gray-7  font-weight-bold\" ><span class=\"text-gray-7 animate-in d-inline-block\" data-anim-delay=\"200\" data-anim-type=\"fade-in-up\">Kosmetick\u00e9 o\u0161et\u0159en\u00ed klasik je z\u00e1kladn\u00ed, ale z\u00e1rove\u0148 d\u016fkladn\u00e9 o\u0161et\u0159en\u00ed pleti, kter\u00e9 pom\u00e1h\u00e1 udr\u017eovat va\u0161i ple\u0165 \u010distou, zdravou a osv\u011b\u017eenou. Toto o\u0161et\u0159en\u00ed zahrnuje \u010di\u0161t\u011bn\u00ed, tonizaci, exfoliaci, vy\u010di\u0161t\u011bn\u00ed p\u00f3r\u016f a hydrataci, aby va\u0161e ple\u0165 vypadala sv\u011b\u017ee a mladistv\u011b.<\/span><\/p><\/div><div class=\"pix-el-text w-100 text-center  vc_custom_1712558210406\" ><p class=\"text-20  text-gray-8 text-center font-weight-bold\" ><span class=\"text-gray-8 animate-in d-inline-block\" data-anim-delay=\"200\" data-anim-type=\"fade-in-up\">Postup<\/span><\/p><\/div><div class=\"pix-el-text w-100  \" ><p class=\"text-20  text-gray-8  font-weight-bold\" >Konzultace<\/p><\/div><div class=\"pix-el-text w-100  \" ><p class=\"text-18  text-gray-8  \" >Ka\u017ed\u00e9 kosmetick\u00e9 o\u0161et\u0159en\u00ed za\u010d\u00edn\u00e1 konzultac\u00ed, kde se spole\u010dn\u011b domluv\u00edme na va\u0161ich pot\u0159eb\u00e1ch a c\u00edlech vzhledem k va\u0161\u00ed pleti. Diskutujeme o va\u0161ich p\u0159\u00e1n\u00edch a p\u0159\u00edpadn\u00fdch probl\u00e9mech s plet\u00ed.<\/p><\/div><div class=\"pix-el-text w-100  \" ><p class=\"text-20  text-gray-8  font-weight-bold\" >\u010ci\u0161t\u011bn\u00ed<\/p><\/div><div class=\"pix-el-text w-100  \" ><p class=\"text-18  text-gray-8  \" >Prvn\u00edm krokem o\u0161et\u0159en\u00ed je d\u016fkladn\u00e9 \u010di\u0161t\u011bn\u00ed pleti, aby se odstranily ne\u010distoty, make-up a nadbyte\u010dn\u00fd maz. To pom\u00e1h\u00e1 p\u0159ipravit ple\u0165 na dal\u0161\u00ed kroky o\u0161et\u0159en\u00ed.<\/p><\/div><div class=\"pix-el-text w-100  \" ><p class=\"text-20  text-gray-8  font-weight-bold\" >Mas\u00e1\u017e<\/p><\/div><div class=\"pix-el-text w-100  \" ><p class=\"text-18  text-gray-8  \" >Po \u010dist\u011bn\u00ed p\u00f3r\u016f p\u0159ijde na \u0159adu mas\u00e1\u017e. T\u00edm se ple\u0165 uvoln\u00ed pro dal\u0161\u00ed v\u00fd\u017eivu pro ple\u0165 a rozproud\u00ed lymfatick\u00fd syst\u00e9m, kter\u00fd je d\u016fle\u017eit\u00fd pro spr\u00e1vnou funkci lymfatick\u00fdch cest.<\/p><\/div><div class=\"pix-el-text w-100  \" ><p class=\"text-20  text-gray-8  font-weight-bold\" >Maska<\/p><\/div><div class=\"pix-el-text w-100  \" ><p class=\"text-18  text-gray-8  \" >Po mas\u00e1\u017ei aplikuji na ple\u0165 vhodnou masku \u010di s\u00e9ra p\u0159\u00edmo na m\u00edru pot\u0159eb\u00e1m va\u0161\u00ed pleti, t\u00edm se zajist\u00ed dostate\u010dn\u00e1 v\u00fd\u017eiva va\u0161\u00ed pleti.<\/p><\/div><div class=\"pix-el-text w-100  \" ><p class=\"text-20  text-gray-8  font-weight-bold\" >Tonizace<\/p><\/div><div class=\"pix-el-text w-100  \" ><p class=\"text-18  text-gray-8  \" >Po \u010di\u0161t\u011bn\u00ed se ple\u0165 tonizuje, co\u017e pom\u00e1h\u00e1 vyrovnat pH hodnotu pleti a zklidnit ji. Tonikum tak\u00e9 p\u0159ipravuje poko\u017eku na dal\u0161\u00ed produkty.<\/p><\/div><div class=\"pix-el-text w-100  \" ><p class=\"text-20  text-gray-8  font-weight-bold\" >Exfoliace<\/p><\/div><div class=\"pix-el-text w-100  \" ><p class=\"text-18  text-gray-8  \" >Dal\u0161\u00edm krokem je exfoliace, kter\u00e1 pom\u00e1h\u00e1 odstranit odum\u0159el\u00e9 ko\u017en\u00ed bu\u0148ky a zlep\u0161it texturu pleti. To umo\u017e\u0148uje, aby dal\u0161\u00ed produkty l\u00e9pe pronikly do poko\u017eky.<\/p><\/div><div class=\"pix-el-text w-100  \" ><p class=\"text-20  text-gray-8  font-weight-bold\" >Vy\u010di\u0161t\u011bn\u00ed p\u00f3r\u016f<\/p><\/div><div class=\"pix-el-text w-100  \" ><p class=\"text-18  text-gray-8  \" >Pokud je to pot\u0159eba, prov\u00e1d\u00ed se vy\u010di\u0161t\u011bn\u00ed p\u00f3r\u016f, aby se odstranily \u010dern\u00e9 te\u010dky a komedony. To pom\u00e1h\u00e1 vy\u010distit poko\u017eku a minimalizovat vznik nov\u00fdch nedokonalost\u00ed.<\/p><\/div><div class=\"pix-el-text w-100  \" ><p class=\"text-20  text-gray-8  font-weight-bold\" >Hydratace<\/p><\/div><div class=\"pix-el-text w-100  \" ><p class=\"text-18  text-gray-8  \" >Nakonec se ple\u0165 hydratuje pomoc\u00ed vhodn\u00e9ho hydrata\u010dn\u00edho produktu, kter\u00fd zaji\u0161\u0165uje optim\u00e1ln\u00ed vlhkost a ochranu pleti.<\/p><\/div><div class=\"pix-el-text w-100  \" ><p class=\"text-20  text-gray-8  font-weight-bold\" >Kontraindikace<\/p><\/div><div class=\"pix-el-text w-100  \" ><p class=\"text-18  text-gray-8  \" >Akutn\u00ed ko\u017en\u00ed infekce nebo z\u00e1n\u011bty<br>Ko\u017en\u00ed alergie na pou\u017e\u00edvan\u00e9 produkty<br>Ned\u00e1vn\u00e1 chemick\u00e1 depilace nebo peeling<br>Opary<br>Virov\u00e1 onemocn\u011bn\u00ed<br><\/p><\/div><div class=\"pix-el-text w-100  \" ><p class=\"text-20  text-gray-8  font-weight-bold\" >P\u00e9\u010de<\/p><\/div><div class=\"pix-el-text w-100  \" ><p class=\"text-18  text-gray-8  \" >Pro udr\u017een\u00ed dlouhodob\u00e9ho \u00fa\u010dinku o\u0161et\u0159en\u00ed je d\u016fle\u017eit\u00e9 pravideln\u011b pe\u010dovat o ple\u0165 doma pomoc\u00ed vhodn\u00fdch produkt\u016f a dodr\u017eovat pokyny poskytnut\u00e9 kosmeti\u010dkou.<\/p><\/div><div class=\"pix-el-text w-100  \" ><p class=\"text-18  text-gray-8  \" >Pokud tou\u017e\u00edte po \u010dist\u00e9, zdrav\u00e9 a osv\u011b\u017een\u00e9 pleti, kosmetick\u00e9 o\u0161et\u0159en\u00ed klasik je pro v\u00e1s ide\u00e1ln\u00ed volbou. Kontaktujte m\u011b pro domluven\u00ed term\u00ednu a objednejte se na sv\u00e9 o\u0161et\u0159en\u00ed!<\/p><\/div>[\/vc_column][\/vc_row][\/vc_section][vc_section full_width=&#8221;stretch_row&#8221; pix_bg_grdient=&#8221;bg-gradient-dark&#8221; pix_over_visibility=&#8221;&#8221; top_divider_select=&#8221;dynamic&#8221; top_moving_divider_color=&#8221;%5B%7B%22d_gradient%22%3A%221%22%2C%22d_color_1%22%3A%22%238209ed%22%2C%22d_color_2%22%3A%22%2312e58d%22%7D%2C%7B%22d_gradient%22%3A%221%22%2C%22d_color_1%22%3A%22%23ff3067%22%2C%22d_color_2%22%3A%22rgba(39%2C145%2C244%2C0.56)%22%7D%2C%7B%22d_color_1%22%3A%22%23ffffff%22%2C%22d_color_2%22%3A%22%23f8f9fa%22%7D%5D&#8221; t_flip_h=&#8221;true&#8221; pix_visibility=&#8221;1&#8243; css=&#8221;.vc_custom_1587702645277{padding-top: 120px !important;padding-bottom: 80px !important;}&#8221; t_custom_height=&#8221;100px&#8221;][vc_row full_width=&#8221;stretch_row&#8221; pix_particles_check=&#8221;&#8221; pix_visibility=&#8221;1&#8243;][vc_column content_align=&#8221;text-center&#8221; offset=&#8221;vc_col-lg-offset-1 vc_col-lg-10&#8243;]<span class=\"pix-badge-element h5 d-inline-flex mr-1 animate-in\" data-anim-type=\"fade-in-up\" data-anim-delay=\"0\"><span class=\"badge font-weight-bold secondary-font badge-pill bg-dark-opacity-8  vc_custom_1710173967290  \" style=\" \"><span class=\"text-white\" style=\"\">Kosmetick\u00e9 o\u0161et\u0159en\u00ed<\/span><\/span><\/span><div id=\"el1709745013958-14767a63-1faa\" class=\"mb-3 text-center  vc_custom_1710173988728\"><h2 class=\"mb-32 pix-sliding-headline-2 animate-in font-weight-bold secondary-font \" data-anim-type=\"pix-sliding-text\" pix-anim-delay=\"500\" data-class=\"secondary-font text-white\" style=\"\"><span class=\"slide-in-container \"><span class=\"pix-sliding-item secondary-font text-white\" style=\"transition-delay: 0ms;\">Cen\u00edk&#32;<\/span><\/span> <span class=\"slide-in-container \"><span class=\"pix-sliding-item secondary-font text-white\" style=\"transition-delay: 150ms;\">slu\u017eby&#32;<\/span><\/span> <span class=\"slide-in-container \"><span class=\"pix-sliding-item secondary-font text-white\" style=\"transition-delay: 300ms;\">kosmetick\u00e9&#32;<\/span><\/span> <span class=\"slide-in-container \"><span class=\"pix-sliding-item secondary-font text-white\" style=\"transition-delay: 450ms;\">o\u0161et\u0159en\u00ed&#32;<\/span><\/span> <span class=\"slide-in-container \"><span class=\"pix-sliding-item secondary-font text-white\" style=\"transition-delay: 600ms;\">klasik&#32;<\/span><\/span> <\/h2><\/div>[\/vc_column][\/vc_row][vc_row full_width=&#8221;stretch_row_content&#8221; pix_particles_check=&#8221;&#8221;][vc_column width=&#8221;1\/3&#8243; offset=&#8221;vc_hidden-sm vc_hidden-xs&#8221;][\/vc_column][vc_column width=&#8221;1\/3&#8243;]<div class=\"card w-100 pix_pricing    animate-in  vc_custom_1722792671812\" data-anim-type=\"fade-in-up\" data-anim-delay=\"0\"><div class=\" bg-light-opacity-1 shadow shadow-hover scale-sm rounded-lg pix-p-20 rounded-lg2 pix-mb-20  bg-light-opacity-1\" ><span class=\"pix-badge-element h6 d-inline-flex mr-1 \"  ><span class=\"badge font-weight-bold secondary-font bg-dark-opacity-3  vc_custom_1722792671802  \" style=\" \"><span class=\"text-white\" style=\"\">Kosmetick\u00e9 slu\u017eby<\/span><\/span><\/span><h2 class=\"pt-3 font-weight-bold text-white h2\" ><span class=\"currency\"><\/span><span>950<\/span><sub class=\"text-small\">,- K\u010d<\/sub><\/h2><\/div><div class=\"pix-px-20\"><div id=\"duo-icon-116797454\" class=\"slide-in-container w-100  \" ><div class=\"py-2 \"  ><div class=\"pix-feature-list   font-weight-bold     py-2 d-flex align-items-center\" ><\/div><\/div><\/div><\/div><div class=\"pix-mt-20\"><a  href=\"https:\/\/deniperez.com\/?page_id=13832\" class=\"btn mb-2     shadow-lg shadow-hover-lg fly-sm text-white  bg-light-opacity-1 btn-primary btn-custom-bg  d-block w-100  pix-hover-item       animate-in btn-md\"   data-anim-type=\"fade-in-up\" data-anim-delay=\"400\" ><i class=\"font-weight-bold pixicon-bag-2  pix-hover-left  mr-1\"><\/i> <span class=\"font-weight-bold \" >Objednat se<\/span><\/a><\/div><\/div>\n[\/vc_column][vc_column width=&#8221;1\/3&#8243; offset=&#8221;vc_hidden-sm vc_hidden-xs&#8221;][\/vc_column][\/vc_row][\/vc_section]<\/p>\n<\/div>","protected":false},"excerpt":{"rendered":"[vc_section full_width=&#8221;stretch_row&#8221; pix_over_visibility=&#8221;&#8221; css=&#8221;.vc_custom_1710154664317{margin-top: -50px !important;padding-top: 60px !important;padding-bottom: 80px !important;background-color: #ffffff !important;}&#8221;][vc_row full_width=&#8221;stretch_row&#8221; content_placement=&#8221;middle&#8221; pix_particles_check=&#8221;&#8221; css=&#8221;.vc_custom_1590194617797{padding-top: 40px !important;padding-bottom: 40px !important;background-color: #ffffff !important;}&#8221;][vc_column width=&#8221;1\/2&#8243; responsive_css=&#8221;{&#8220;pix_res_sm_pb&#8220;:&#8220;50&#8220;}&#8221; css=&#8221;.vc_custom_1712558195269{padding-right: 20px !important;padding-bottom: 1000px !important;padding-left: 20px !important;}&#8221;][\/vc_column][vc_column width=&#8221;1\/2&#8243;][\/vc_column][\/vc_row][\/vc_section][vc_section full_width=&#8221;stretch_row&#8221; pix_bg_grdient=&#8221;bg-gradient-dark&#8221; pix_over_visibility=&#8221;&#8221; top_divider_select=&#8221;dynamic&#8221; top_moving_divider_color=&#8221;%5B%7B%22d_gradient%22%3A%221%22%2C%22d_color_1%22%3A%22%238209ed%22%2C%22d_color_2%22%3A%22%2312e58d%22%7D%2C%7B%22d_gradient%22%3A%221%22%2C%22d_color_1%22%3A%22%23ff3067%22%2C%22d_color_2%22%3A%22rgba(39%2C145%2C244%2C0.56)%22%7D%2C%7B%22d_color_1%22%3A%22%23ffffff%22%2C%22d_color_2%22%3A%22%23f8f9fa%22%7D%5D&#8221; t_flip_h=&#8221;true&#8221; pix_visibility=&#8221;1&#8243; css=&#8221;.vc_custom_1587702645277{padding-top:&#8230;","protected":false},"author":1,"featured_media":0,"parent":0,"menu_order":0,"comment_status":"closed","ping_status":"closed","template":"","meta":{"om_disable_all_campaigns":false,"_monsterinsights_skip_tracking":false,"_monsterinsights_sitenote_active":false,"_monsterinsights_sitenote_note":"","_monsterinsights_sitenote_category":0,"footnotes":""},"aioseo_notices":[],"_links":{"self":[{"href":"https:\/\/deniperez.com\/index.php?rest_route=\/wp\/v2\/pages\/13618"}],"collection":[{"href":"https:\/\/deniperez.com\/index.php?rest_route=\/wp\/v2\/pages"}],"about":[{"href":"https:\/\/deniperez.com\/index.php?rest_route=\/wp\/v2\/types\/page"}],"author":[{"embeddable":true,"href":"https:\/\/deniperez.com\/index.php?rest_route=\/wp\/v2\/users\/1"}],"replies":[{"embeddable":true,"href":"https:\/\/deniperez.com\/index.php?rest_route=%2Fwp%2Fv2%2Fcomments&post=13618"}],"version-history":[{"count":12,"href":"https:\/\/deniperez.com\/index.php?rest_route=\/wp\/v2\/pages\/13618\/revisions"}],"predecessor-version":[{"id":14013,"href":"https:\/\/deniperez.com\/index.php?rest_route=\/wp\/v2\/pages\/13618\/revisions\/14013"}],"wp:attachment":[{"href":"https:\/\/deniperez.com\/index.php?rest_route=%2Fwp%2Fv2%2Fmedia&parent=13618"}],"curies":[{"name":"wp","href":"https:\/\/api.w.org\/{rel}","templated":true}]}}