{"id":13608,"date":"2024-03-11T15:48:43","date_gmt":"2024-03-11T15:48:43","guid":{"rendered":"https:\/\/deniperez.com\/?page_id=13608"},"modified":"2024-10-06T11:13:38","modified_gmt":"2024-10-06T10:13:38","slug":"permanentni-make-up-kontura-rtu","status":"publish","type":"page","link":"https:\/\/deniperez.com\/?page_id=13608","title":{"rendered":"Permanentn\u00ed make-up &#8211; kontura rt\u016f"},"content":{"rendered":"<div class=\"wpb-content-wrapper\"><p>[vc_section full_width=&#8221;stretch_row&#8221; pix_over_visibility=&#8221;&#8221; css=&#8221;.vc_custom_1710154664317{margin-top: -50px !important;padding-top: 60px !important;padding-bottom: 80px !important;background-color: #ffffff !important;}&#8221;][vc_row full_width=&#8221;stretch_row&#8221; content_placement=&#8221;middle&#8221; pix_particles_check=&#8221;&#8221; css=&#8221;.vc_custom_1590194617797{padding-top: 40px !important;padding-bottom: 40px !important;background-color: #ffffff !important;}&#8221;][vc_column width=&#8221;1\/2&#8243; responsive_css=&#8221;{&#8220;pix_res_sm_pb&#8220;:&#8220;50&#8220;}&#8221; css=&#8221;.vc_custom_1712557630360{padding-right: 20px !important;padding-bottom: 1000px !important;padding-left: 20px !important;}&#8221;]<div class=\"d-inline-block \" style=\"width:100%;\"><div class=\"animate-in w-100 d-inline-block\" data-anim-type=\"fade-in-right\" data-anim-delay=\"200\"><div class=\"pix-img-el  vc_custom_1728207953643   shadow-lg text-left d-inline-block  w-100 rounded-xl\"  ><img fetchpriority=\"high\" decoding=\"async\" class=\"card-img2 pix-img-elem rounded-xl  h-1002\" style=\"width:100%;height:auto;\" width=\"312\" height=\"313\" srcset=\"https:\/\/deniperez.com\/wp-content\/uploads\/2024\/10\/kontura-rtu.jpg 312w, https:\/\/deniperez.com\/wp-content\/uploads\/2024\/10\/kontura-rtu-300x300.jpg 300w, https:\/\/deniperez.com\/wp-content\/uploads\/2024\/10\/kontura-rtu-150x150.jpg 150w, https:\/\/deniperez.com\/wp-content\/uploads\/2024\/10\/kontura-rtu-75x75.jpg 75w\" sizes=\"(max-width: 312px) 100vw, 312px\" src=\"https:\/\/deniperez.com\/wp-content\/uploads\/2024\/10\/kontura-rtu.jpg\" alt=\"Image link\" \/><\/div><\/div><\/div>[\/vc_column][vc_column width=&#8221;1\/2&#8243;]<div class=\"text-left \"><div><h1 class=\"pix-headline my-3  loading-bar text-dark-opacity-9 font-weight-bold  secondary-font animate-in\" style=\"\" data-anim-type=\"fade-in-up\" data-anim-delay=\"0\" ><span>Permanentn\u00ed make-up - Kontura rt\u016f <\/span><span class=\"pix-words-wrapper is-last\"><span class=\"is-visible \" ><\/span> <span class=\"pix-bar bg-dark-opacity-9\" ><\/span><\/span><\/h1><\/div><\/div><div class=\"pix-el-text w-100   vc_custom_1726150376171\" ><p class=\"text-20  text-gray-7  font-weight-bold\" ><span class=\"text-gray-7 animate-in d-inline-block\" data-anim-delay=\"200\" data-anim-type=\"fade-in-up\">Permanentn\u00ed make-up pro konturu rt\u016f je skv\u011bl\u00fdm \u0159e\u0161en\u00edm pro ty, kte\u0159\u00ed tou\u017e\u00ed po pln\u00fdch, symetrick\u00fdch a dob\u0159e definovan\u00fdch rtech bez nutnosti denn\u00edho l\u00ed\u010den\u00ed. Tato technika umo\u017e\u0148uje vytvo\u0159it perfektn\u00ed tvar a barvu rt\u016f, kter\u00fd bude vyhovovat va\u0161emu obli\u010deji a p\u0159inese jim v\u00fdraz.<\/span><\/p><\/div><div class=\"pix-el-text w-100 text-center  vc_custom_1712557642723\" ><p class=\"text-20  text-gray-8 text-center font-weight-bold\" ><span class=\"text-gray-8 animate-in d-inline-block\" data-anim-delay=\"200\" data-anim-type=\"fade-in-up\">Postup<\/span><\/p><\/div><div class=\"pix-el-text w-100  \" ><p class=\"text-20  text-gray-8  font-weight-bold\" >Konzultace<\/p><\/div><div class=\"pix-el-text w-100  \" ><p class=\"text-18  text-gray-8  \" >Ka\u017ed\u00e1 slu\u017eba za\u010d\u00edn\u00e1 individu\u00e1ln\u00ed konzultac\u00ed, kde se setk\u00e1v\u00e1m s klientem, abych porozum\u011bla jejich pot\u0159eb\u00e1m a p\u0159\u00e1n\u00ed vzhledem k kontu\u0159e rt\u016f. Diskutujeme o tvaru, velikosti a barv\u011b rt\u016f, kter\u00e9 klient preferuje.<\/p><\/div><div class=\"pix-el-text w-100  \" ><p class=\"text-20  text-gray-8  font-weight-bold\" >N\u00e1vrh<\/p><\/div><div class=\"pix-el-text w-100  \" ><p class=\"text-18  text-gray-8  \" >Na z\u00e1klad\u011b konzultace navrhuji design kontury rt\u016f, kter\u00fd je p\u0159izp\u016fsoben jedine\u010dn\u00fdm rys\u016fm obli\u010deje klienta. Spole\u010dn\u011b najdeme nejvhodn\u011bj\u0161\u00ed tvar a barvu, kter\u00e9 zd\u016frazn\u00ed va\u0161e rty a p\u0159inesou jim plnost a symetrii.<\/p><\/div><div class=\"pix-el-text w-100  \" ><p class=\"text-20  text-gray-8  font-weight-bold\" >Aplikace<\/p><\/div><div class=\"pix-el-text w-100  \" ><p class=\"text-18  text-gray-8  \" >Proces aplikace permanentn\u00edho make-upu prob\u00edh\u00e1 pomoc\u00ed jemn\u00fdch mikrojehli\u010dek, kter\u00e9 aplikuj\u00ed pigment do oblasti okolo rt\u016f, vytv\u00e1\u0159ej\u00edc\u00ed tak pln\u011bj\u0161\u00ed a dob\u0159e definovanou konturu. Tato technika poskytuje trvanliv\u00fd a dokonal\u00fd vzhled.<\/p><\/div><div class=\"pix-el-text w-100  \" ><p class=\"text-20  text-gray-8  font-weight-bold\" >Dokon\u010den\u00ed<\/p><\/div><div class=\"pix-el-text w-100  \" ><p class=\"text-18  text-gray-8  \" >Po dokon\u010den\u00ed procedury klientovi poskytnu pokyny pro n\u00e1slednou p\u00e9\u010di o konturu rt\u016f, aby se zajistilo optim\u00e1ln\u00ed hojen\u00ed a dlouhotrvaj\u00edc\u00ed v\u00fdsledek.<\/p><\/div><div class=\"pix-el-text w-100  \" ><p class=\"text-20  text-gray-8  font-weight-bold\" >Kontraindikace<\/p><\/div><div class=\"pix-el-text w-100  \" ><p class=\"text-18  text-gray-8  \" >P\u0159esto\u017ee permanentn\u00ed make-up je \u0161iroce akceptov\u00e1nou a bezpe\u010dnou procedurou, existuj\u00ed ur\u010dit\u00e9 kontraindikace, kter\u00e9 by m\u011bli zv\u00e1\u017eit potenci\u00e1ln\u00ed klienti:<\/p><\/div><div class=\"pix-el-text w-100  \" ><p class=\"text-18  text-gray-8  \" >T\u011bhotenstv\u00ed a kojen\u00ed<br \/>\nAkutn\u00ed z\u00e1n\u011bty nebo infekce v oblasti obo\u010d\u00ed<br \/>\nKo\u017en\u00ed onemocn\u011bn\u00ed v oblasti obo\u010d\u00ed<br \/>\nPou\u017e\u00edv\u00e1n\u00ed l\u00e9k\u016f, kter\u00e9 mohou ovlivnit sr\u00e1\u017elivost krve<br \/>\nPit\u00ed kofeinov\u00fdch a alkoholick\u00fdch n\u00e1poj\u016f p\u0159ed aplikac\u00ed<br \/>\nOnkologick\u00e1 onemocn\u011bn\u00ed<\/p><\/div><div class=\"pix-el-text w-100  \" ><p class=\"text-20  text-gray-8  font-weight-bold\" >P\u00e9\u010de<\/p><\/div><div class=\"pix-el-text w-100  \" ><p class=\"text-18  text-gray-8  \" >Po aplikaci permanentn\u00edho make-upu je d\u016fle\u017eit\u00e9 dodr\u017eovat pokyny poskytnut\u00e9 PMU stylistou:<\/p><\/div><div class=\"pix-el-text w-100  \" ><p class=\"text-18  text-gray-8  \" >Nepo\u0161krab\u00e1vat rt\u016f ani si je nevym\u00fdvat p\u0159\u00edli\u0161 intenzivn\u011b v prvn\u00edch dnech po aplikaci.<br \/>\nPou\u017e\u00edvat speci\u00e1ln\u00ed produkty ur\u010den\u00e9 pro p\u00e9\u010di o permanentn\u00ed make-up.<\/p><\/div><div class=\"pix-el-text w-100  \" ><p class=\"text-18  text-gray-8  \" >Pokud tou\u017e\u00edte po pln\u00fdch a symetrick\u00fdch rtech bez nutnosti denn\u00edho l\u00ed\u010den\u00ed, permanentn\u00ed make-up kontury rt\u016f je pro v\u00e1s ide\u00e1ln\u00ed volbou. Kontaktujte m\u011b pro konzultaci a objednejte se na svou transformaci!<\/p><\/div>[\/vc_column][\/vc_row][\/vc_section][vc_section full_width=&#8221;stretch_row&#8221; pix_bg_grdient=&#8221;bg-gradient-dark&#8221; pix_over_visibility=&#8221;&#8221; top_divider_select=&#8221;dynamic&#8221; top_moving_divider_color=&#8221;%5B%7B%22d_gradient%22%3A%221%22%2C%22d_color_1%22%3A%22%238209ed%22%2C%22d_color_2%22%3A%22%2312e58d%22%7D%2C%7B%22d_gradient%22%3A%221%22%2C%22d_color_1%22%3A%22%23ff3067%22%2C%22d_color_2%22%3A%22rgba(39%2C145%2C244%2C0.56)%22%7D%2C%7B%22d_color_1%22%3A%22%23ffffff%22%2C%22d_color_2%22%3A%22%23f8f9fa%22%7D%5D&#8221; t_flip_h=&#8221;true&#8221; pix_visibility=&#8221;1&#8243; css=&#8221;.vc_custom_1587702645277{padding-top: 120px !important;padding-bottom: 80px !important;}&#8221; t_custom_height=&#8221;100px&#8221;][vc_row full_width=&#8221;stretch_row&#8221; pix_particles_check=&#8221;&#8221; pix_visibility=&#8221;1&#8243;][vc_column content_align=&#8221;text-center&#8221; offset=&#8221;vc_col-lg-offset-1 vc_col-lg-10&#8243;]<span class=\"pix-badge-element h5 d-inline-flex mr-1 animate-in\" data-anim-type=\"fade-in-up\" data-anim-delay=\"0\"><span class=\"badge font-weight-bold secondary-font badge-pill bg-dark-opacity-8  vc_custom_1710170507756  \" style=\" \"><span class=\"text-white\" style=\"\">Permanentn\u00ed make-up<\/span><\/span><\/span><div id=\"el1709745013958-14767a63-1faa\" class=\"mb-3 text-center  vc_custom_1710172287931\"><h2 class=\"mb-32 pix-sliding-headline-2 animate-in font-weight-bold secondary-font \" data-anim-type=\"pix-sliding-text\" pix-anim-delay=\"500\" data-class=\"secondary-font text-white\" style=\"\"><span class=\"slide-in-container \"><span class=\"pix-sliding-item secondary-font text-white\" style=\"transition-delay: 0ms;\">Cen\u00edk&#32;<\/span><\/span> <span class=\"slide-in-container \"><span class=\"pix-sliding-item secondary-font text-white\" style=\"transition-delay: 150ms;\">slu\u017eby&#32;<\/span><\/span> <span class=\"slide-in-container \"><span class=\"pix-sliding-item secondary-font text-white\" style=\"transition-delay: 300ms;\">permanentn\u00ed&#32;<\/span><\/span> <span class=\"slide-in-container \"><span class=\"pix-sliding-item secondary-font text-white\" style=\"transition-delay: 450ms;\">make-up&#32;<\/span><\/span> <span class=\"slide-in-container \"><span class=\"pix-sliding-item secondary-font text-white\" style=\"transition-delay: 600ms;\">\u2013&#32;<\/span><\/span> <span class=\"slide-in-container \"><span class=\"pix-sliding-item secondary-font text-white\" style=\"transition-delay: 750ms;\">kontura&#32;<\/span><\/span> <span class=\"slide-in-container \"><span class=\"pix-sliding-item secondary-font text-white\" style=\"transition-delay: 900ms;\">rt\u016f&#32;<\/span><\/span> <\/h2><\/div>[\/vc_column][\/vc_row][vc_row full_width=&#8221;stretch_row_content&#8221; pix_particles_check=&#8221;&#8221;][vc_column width=&#8221;1\/3&#8243; offset=&#8221;vc_hidden-sm vc_hidden-xs&#8221;][\/vc_column][vc_column width=&#8221;1\/3&#8243;]<div class=\"card w-100 pix_pricing    animate-in  vc_custom_1722792380277\" data-anim-type=\"fade-in-up\" data-anim-delay=\"0\"><div class=\" bg-light-opacity-1 shadow shadow-hover scale-sm rounded-lg pix-p-20 rounded-lg2 pix-mb-20  bg-light-opacity-1\" ><span class=\"pix-badge-element h6 d-inline-flex mr-1 \"  ><span class=\"badge font-weight-bold secondary-font bg-dark-opacity-3  vc_custom_1722792380265  \" style=\" \"><span class=\"text-white\" style=\"\">Permanentn\u00ed make-up<\/span><\/span><\/span><h2 class=\"pt-3 font-weight-bold text-white h2\" ><span class=\"currency\"><\/span><span>3400<\/span><sub class=\"text-small\">,- K\u010d<\/sub><\/h2><\/div><div class=\"pix-px-20\"><div id=\"duo-icon-182668340\" class=\"slide-in-container w-100  \" ><div class=\"py-2 \"  ><div class=\"pix-feature-list   font-weight-bold     py-2 d-flex align-items-center\" ><\/div><\/div><\/div><\/div><div class=\"pix-mt-20\"><a  href=\"https:\/\/deniperez.com\/?page_id=13832\" class=\"btn mb-2     shadow-lg shadow-hover-lg fly-sm text-white  bg-light-opacity-1 btn-primary btn-custom-bg  d-block w-100  pix-hover-item       animate-in btn-md\"   data-anim-type=\"fade-in-up\" data-anim-delay=\"400\" ><i class=\"font-weight-bold pixicon-bag-2  pix-hover-left  mr-1\"><\/i> <span class=\"font-weight-bold \" >Objednat se<\/span><\/a><\/div><\/div>\n[\/vc_column][vc_column width=&#8221;1\/3&#8243; offset=&#8221;vc_hidden-sm vc_hidden-xs&#8221;][\/vc_column][\/vc_row][\/vc_section]<\/p>\n<\/div>","protected":false},"excerpt":{"rendered":"[vc_section full_width=&#8221;stretch_row&#8221; pix_over_visibility=&#8221;&#8221; css=&#8221;.vc_custom_1710154664317{margin-top: -50px !important;padding-top: 60px !important;padding-bottom: 80px !important;background-color: #ffffff !important;}&#8221;][vc_row full_width=&#8221;stretch_row&#8221; content_placement=&#8221;middle&#8221; pix_particles_check=&#8221;&#8221; css=&#8221;.vc_custom_1590194617797{padding-top: 40px !important;padding-bottom: 40px !important;background-color: #ffffff !important;}&#8221;][vc_column width=&#8221;1\/2&#8243; responsive_css=&#8221;{&#8220;pix_res_sm_pb&#8220;:&#8220;50&#8220;}&#8221; css=&#8221;.vc_custom_1712557630360{padding-right: 20px !important;padding-bottom: 1000px !important;padding-left: 20px !important;}&#8221;][\/vc_column][vc_column width=&#8221;1\/2&#8243;][\/vc_column][\/vc_row][\/vc_section][vc_section full_width=&#8221;stretch_row&#8221; pix_bg_grdient=&#8221;bg-gradient-dark&#8221; pix_over_visibility=&#8221;&#8221; top_divider_select=&#8221;dynamic&#8221; top_moving_divider_color=&#8221;%5B%7B%22d_gradient%22%3A%221%22%2C%22d_color_1%22%3A%22%238209ed%22%2C%22d_color_2%22%3A%22%2312e58d%22%7D%2C%7B%22d_gradient%22%3A%221%22%2C%22d_color_1%22%3A%22%23ff3067%22%2C%22d_color_2%22%3A%22rgba(39%2C145%2C244%2C0.56)%22%7D%2C%7B%22d_color_1%22%3A%22%23ffffff%22%2C%22d_color_2%22%3A%22%23f8f9fa%22%7D%5D&#8221; t_flip_h=&#8221;true&#8221; pix_visibility=&#8221;1&#8243; css=&#8221;.vc_custom_1587702645277{padding-top:&#8230;","protected":false},"author":1,"featured_media":0,"parent":0,"menu_order":0,"comment_status":"closed","ping_status":"closed","template":"","meta":{"om_disable_all_campaigns":false,"_monsterinsights_skip_tracking":false,"_monsterinsights_sitenote_active":false,"_monsterinsights_sitenote_note":"","_monsterinsights_sitenote_category":0,"footnotes":""},"aioseo_notices":[],"_links":{"self":[{"href":"https:\/\/deniperez.com\/index.php?rest_route=\/wp\/v2\/pages\/13608"}],"collection":[{"href":"https:\/\/deniperez.com\/index.php?rest_route=\/wp\/v2\/pages"}],"about":[{"href":"https:\/\/deniperez.com\/index.php?rest_route=\/wp\/v2\/types\/page"}],"author":[{"embeddable":true,"href":"https:\/\/deniperez.com\/index.php?rest_route=\/wp\/v2\/users\/1"}],"replies":[{"embeddable":true,"href":"https:\/\/deniperez.com\/index.php?rest_route=%2Fwp%2Fv2%2Fcomments&post=13608"}],"version-history":[{"count":14,"href":"https:\/\/deniperez.com\/index.php?rest_route=\/wp\/v2\/pages\/13608\/revisions"}],"predecessor-version":[{"id":14109,"href":"https:\/\/deniperez.com\/index.php?rest_route=\/wp\/v2\/pages\/13608\/revisions\/14109"}],"wp:attachment":[{"href":"https:\/\/deniperez.com\/index.php?rest_route=%2Fwp%2Fv2%2Fmedia&parent=13608"}],"curies":[{"name":"wp","href":"https:\/\/api.w.org\/{rel}","templated":true}]}}